ve of 17*d**4/12 - d**3/6 + d**2/2 + 2*d - 5. Let r(k) be the first derivative of s(k). List the prime factors of r(1).
17
Suppose -26*r - 164 = -22*r. Let m = r + 72. List the prime factors of m.
31
Suppose 0*i - 52 = -4*i. Let a = -13 + i. Suppose 0 = 2*d - 5*f - 54, a = 2*f + 8 - 0. List the prime factors of d.
17
Suppose -20*w + 19*w = 4*v - 1548, 3*v - 1160 = -w. List the prime factors of v.
2, 97
Let c(s) = 4*s + 5 - s**3 - 16*s**2 + 15*s**2 - 5*s. List the prime factors of c(-4).
3, 19
Let s = 10 + 62. Let r = s - -66. What are the prime factors of r?
2, 3, 23
Let x = -21 + 23. Suppose 0 = -2*f + 2*r + 18 - 2, -x*f + 18 = -4*r. List the prime factors of f.
7
Let n(f) = -13 - 5 - 1 - 16 - 18*f. List the prime factors of n(-11).
163
Let b(a) = -9*a**2 + 5*a + 10. Let x be b(-2). List the prime factors of (x/(-8) + -2)*28.
2, 5, 7
Suppose 0 = -7*g - 52 - 242. Let k = 73 - g. List the prime factors of k.
5, 23
Suppose 11 = -5*c + 31. Suppose c*z = 3*z. Suppose 2*n = -5*w + 120, 2*w - 4*n = -z*n + 48. What are the prime factors of w?
2, 3
Suppose -2*z + 40 = 4*x, 2*x + 16 = -4*z + 6*z. What are the prime factors of 8/z*6 - -10?
2, 7
What are the prime factors of (243/108)/(9/7512)?
2, 3, 313
What are the prime factors of -78*(-64)/224*70/6?
2, 5, 13
What are the prime factors of (590/6)/(14/252) + -6?
2, 3, 7
Suppose 5*c = 11 - 1. List the prime factors of 6 + 139 - (-2 + c).
5, 29
Let r be 1416/28 + 4/(-7). Suppose 114 = -47*z + r*z. List the prime factors of z.
2, 19
List the prime factors of -4 + (-2)/(4*(-1)/3054).
1523
Let m(b) be the first derivative of 3*b**2/2 + 358. Suppose 0 = 2*n + 8, 10*o - 5*n = 5*o + 70. List the prime factors of m(o).
2, 3, 5
Suppose 2*l - 6*l = 84. Let t = l - -25. Suppose -t*a + 15 = -81. What are the prime factors of a?
2, 3
Let u = 11 + -1. Suppose 0 = 2*x - 5*x - 5*i - 29, 4*i = 2*x - u. Let w = x - -15. List the prime factors of w.
2, 3
What are the prime factors of -37*(-184 + 7)*1?
3, 37, 59
Suppose 4*z - 219 = 189. Let i = z + -72. Let y = 51 - i. What are the prime factors of y?
3, 7
Let o(x) be the second derivative of -11*x**3/6 + 6*x**2 - 3*x. Let r be o(5). Let s = 61 + r. What are the prime factors of s?
2, 3
Suppose 0 = 6*t + 4*t - 20. Suppose 0 = t*w + 3 - 19. What are the prime factors of w?
2
Let a be (95/20)/(1/24). Suppose 0 = 4*o - s + 3*s - a, 0 = 3*s + 3. What are the prime factors of o?
29
Let b = -674 - -131. List the prime factors of 2*2*b/(-12) - 4.
3, 59
Suppose -1809 = -2*x + 3*f, 0 = 5*x + f + 1198 - 5729. Let k = -571 + x. List the prime factors of k.
5, 67
List the prime factors of 5535*13/(780/48).
2, 3, 41
Let n = -3 - -9. Let t(a) = a**3 - 4*a**2 - 4*a - 7. What are the prime factors of t(n)?
41
Suppose 20 - 283 = -4*z + 5*n, 0 = 2*z - 3*n - 131. Suppose -5*y + 83 = -z. Suppose 4*j = 102 - y. What are the prime factors of j?
2, 3
Suppose -513 - 20 = -13*w. Let j = 10 - 5. Suppose -j*k + 396 = 2*g, k - 31 - w = 2*g. What are the prime factors of k?
2, 3, 13
Let u = -8 - -15. Suppose -y + 126 = -u*y. Let j = y - -30. List the prime factors of j.
3
Suppose -9812 = -9*y - 35*y. List the prime factors of y.
223
Suppose 2*f = -8*c + 11*c - 2743, -3*c + 2755 = f. What are the prime factors of c?
7, 131
Suppose -9*r + 364 = -2*r. Let b(q) = q**3 - 3*q**2 + 2. Let p be b(3). Suppose -4*h + p*h = -r. What are the prime factors of h?
2, 13
Let z(c) = 4*c**2 - 4. Let s be z(2). Suppose -s*w + 301 = -1451. List the prime factors of w.
2, 73
Let k(t) be the second derivative of t**5/20 - 5*t**4/12 + 2*t**3/3 - t**2 + 4*t. List the prime factors of k(5).
2, 3
Let a be ((-4)/(-5))/((-10)/775). Let v = 8 - 2. What are the prime factors of (a/3)/((-4)/v)?
31
Suppose -5*n - 196 = -16. Let t = 48 - n. List the prime factors of t.
2, 3, 7
Let i be 28/(-7)*(-453)/6. Suppose 0 = 5*c + 4*l - i, l + 67 = c + 4*l. List the prime factors of c.
2, 29
Let m be -28*(-2 + (-12)/(-8)). Let z(i) = -i + 14. Let q be z(m). Suppose 0*f - 2*f - 2*h + 36 = 0, f + 5*h - 2 = q. List the prime factors of f.
2, 11
Let m(v) = 437*v**2 + 3*v + 2. List the prime factors of m(-1).
2, 109
What are the prime factors of (-188)/(-47) + (2837 - 1)?
2, 5, 71
Suppose -2*x - 3*j + 36 = 12, 0 = 5*x + 5*j - 55. List the prime factors of 555*((-6)/x + 1).
5, 37
List the prime factors of (5/((-15)/(-2)))/(6/261).
29
Let u = -26 - -14. Let p = 5 + u. List the prime factors of (p - 8)*(-18)/10.
3
Suppose 6*p - 24 = 2*p - 4*o, -4*o = -5*p + 12. Suppose -p*g - 1100 = -8*g. What are the prime factors of g?
5, 11
Suppose -24876 = -9*o + 3096. List the prime factors of o.
2, 3, 7, 37
Suppose -65*l + 396318 = 13*l. List the prime factors of l.
5081
Let i be (-16)/48 - 5/3. Let r(j) = -32*j**3 - 6*j**2 - 5*j + 4. List the prime factors of r(i).
2, 3, 41
Suppose 4 = 5*o + 9. Let j be ((-3)/o)/((-3)/(-160)). Suppose v = 6*v - j. What are the prime factors of v?
2
Let n be 2 - (40 + 2)/(-1). Suppose g + g = n. List the prime factors of g.
2, 11
Suppose -r + 5 = 0, 3*s + 3*r - 23 = -2. Suppose s*i + 53 = 3*p + 4*i, 3*p - 2*i - 73 = 0. List the prime factors of 2/(7/(p/2)).
3
Let i = -558 + 1318. What are the prime factors of i?
2, 5, 19
Suppose -4*a + 3*a = 2. Let n(u) = -u**2 + 3. Let t be n(a). What are the prime factors of -1 + 3 + (-1 - t)?
2
Let j(z) = 2*z**3 - 6*z**2 - z. Suppose 3*b = -0*b + 15. Let d be j(b). Suppose w - d = -4*w. What are the prime factors of w?
19
What are the prime factors of 366/1281 + (-21250)/(-7)?
2, 3, 11, 23
Suppose 0 = -i - 2*i + 2*s + 277, -5*s = 2*i - 191. Suppose 2*p = -p + i. Let w = p + -10. List the prime factors of w.
3, 7
Let h = 3134 - 1925. List the prime factors of h.
3, 13, 31
Let c(l) = -21*l**3 - 6*l**2 + 21. What are the prime factors of c(-4)?
3, 47
Let f(n) = 4*n**2 + 14*n + 23. What are the prime factors of f(-20)?
17, 79
Suppose -146 - 637 = -9*t. Suppose 7*u - 417 = t. List the prime factors of u.
2, 3
Let f = 1931 - -336. List the prime factors of f.
2267
Suppose 0*l + 5 = -5*l. Let v = l + 7. List the prime factors of 75/9 + 4/v.
3
Suppose 5*v + 90 = 5*g + 4*v, g = 2*v + 18. Let o = -13 + g. Suppose 4*w + 3*n - 32 = 0, 2*w - 25 = w - o*n. What are the prime factors of w?
5
Suppose 752*z - 742*z = 12720. What are the prime factors of z?
2, 3, 53
Suppose 27*a - 29*a = -1576. What are the prime factors of a?
2, 197
Let q(k) = k**3 - k**2 + 2*k + 6. Let u be q(0). Suppose -u = l - 19. What are the prime factors of l?
13
Let a = 24 + -17. Let w(g) = 2 - 4 + g - 3 + 4. List the prime factors of w(a).
2, 3
Suppose -15264 = -4*b + 4*j, 6*b - 9169 = -3*j + 13709. List the prime factors of b.
2, 1907
Let c = 78 + -75. Suppose -4*v - c = -751. List the prime factors of v.
11, 17
Let q = 11 + 24. Let s = 9 + q. List the prime factors of s.
2, 11
Suppose 30 = 5*o + 3*w, 2*w = 5*o + 4*w - 25. Suppose 0 = o*h - h - 8. Suppose 2*v + 0*v = 5*q - 80, 0 = h*q - 3*v - 57. List the prime factors of q.
2, 3
Suppose 0 = 4*c + 2*n - 2140, -2*c + n = 3*c - 2689. What are the prime factors of c?
3, 179
Let n = -6 - -27. Suppose 102 = -n*b + 22*b. What are the prime factors of b?
2, 3, 17
Let t be ((-7)/(-21))/(2/(-318)). Let u = -30 - t. What are the prime factors of u?
23
Suppose -12*b = -28876 + 5308. What are the prime factors of b?
2, 491
Let d be (2/6)/(15/(-90)). Let w be -1*(8/d - -3). Let u(v) = 39*v**3 - 1. List the prime factors of u(w).
2, 19
Suppose o - 5*d + 0 = -7, -2*d = 5*o - 73. Suppose -4 - 4 = -4*b. Suppose j - b*j = -o. What are the prime factors of j?
13
Suppose 32*k - 39864 = 22664. List the prime factors of k.
2, 977
Let m(q) = -3*q - 2. Let u(w) = 4*w + 2. Let k(x) = -5*m(x) - 4*u(x). Let d be k(0). Let j(y) = y**2 + 2. What are the prime factors of j(d)?
2, 3
Let a be ((-3)/2)/((-15)/20). Suppose 0 = a*b + 2 - 6. Suppose 4*r - b*c = 106, 4*r - 91 = -4*c + c. What are the prime factors of r?
5
Suppose 7 = -3*l - 5, -2*j + l = -256. List the prime factors of j.
2, 3, 7
Suppose -71*z + 75*z - 13452 = 4*p, 3*z - 5*p - 10097 = 0. List the prime factors of z.
3359
What are the prime factors of (109*15)/((-3)/(-8))?
2, 5, 109
Let f(j) = j**2 - 3*j - 1. Let a be f(4). Suppose -5*r = 5*b + 10, -2 = -a*r + 2*b + 2. What are the prime factors of 82/(-3 - (-5 - r))?
41
Let d(l) be the first deriv